 5, 7, 601
What are the prime factors of 13569447?
3, 4523149
What are the prime factors of 23747071?
229, 103699
What are the prime factors of 2816283?
3, 938761
List the prime factors of 391557.
3, 47, 2777
What are the prime factors of 14590?
2, 5, 1459
List the prime factors of 16141642.
2, 11, 66701
What are the prime factors of 4169183?
439, 9497
What are the prime factors of 115886?
2, 57943
What are the prime factors of 3314878?
2, 7, 97, 2441
What are the prime factors of 4172?
2, 7, 149
List the prime factors of 1752629.
1752629
List the prime factors of 17356573.
13, 359, 3719
List the prime factors of 2203798.
2, 331, 3329
List the prime factors of 26919678.
2, 3, 137, 32749
What are the prime factors of 329200?
2, 5, 823
What are the prime factors of 1873654?
2, 936827
List the prime factors of 373914.
2, 3, 20773
List the prime factors of 17584171.
11, 17, 94033
What are the prime factors of 80441?
257, 313
List the prime factors of 9504101.
137, 173, 401
List the prime factors of 15921193.
571, 27883
List the prime factors of 4640042.
2, 11, 210911
List the prime factors of 102880.
2, 5, 643
List the prime factors of 1805064.
2, 3, 75211
What are the prime factors of 7169244?
2, 3, 597437
List the prime factors of 331913.
23, 14431
List the prime factors of 416843.
7, 47, 181
List the prime factors of 6287083.
11, 131, 4363
What are the prime factors of 798513?
3, 19, 14009
List the prime factors of 25814410.
2, 5, 2581441
What are the prime factors of 568877?
568877
What are the prime factors of 605135?
5, 37, 3271
List the prime factors of 278910.
2, 3, 5, 1033
What are the prime factors of 825442?
2, 103, 4007
List the prime factors of 293843.
11, 26713
What are the prime factors of 27436246?
2, 71, 101, 1913
List the prime factors of 933711.
3, 311237
List the prime factors of 201429.
3, 22381
What are the prime factors of 4085796?
2, 3, 11, 13, 2381
List the prime factors of 2054724.
2, 3, 7, 61, 401
What are the prime factors of 743995?
5, 7, 29, 733
List the prime factors of 13975473.
3, 43, 131, 827
List the prime factors of 173353.
229, 757
What are the prime factors of 2509716?
2, 3, 11, 19013
List the prime factors of 432719.
7, 8831
What are the prime factors of 445337?
491, 907
What are the prime factors of 1686965?
5, 7, 157, 307
What are the prime factors of 367931?
17, 23, 941
What are the prime factors of 305111?
305111
List the prime factors of 234823.
43, 127
List the prime factors of 77094.
2, 3, 4283
List the prime factors of 6390802.
2, 11, 19, 15289
What are the prime factors of 3070456?
2, 383807
What are the prime factors of 26700264?
2, 3, 370837
List the prime factors of 4698579.
3, 17, 181, 509
List the prime factors of 1315136.
2, 20549
List the prime factors of 73533.
3, 127, 193
What are the prime factors of 75902?
2, 37951
List the prime factors of 3765445.
5, 23, 137, 239
What are the prime factors of 1414104?
2, 3, 58921
List the prime factors of 719157.
3, 53, 4523
What are the prime factors of 232467?
3, 77489
What are the prime factors of 9915461?
23, 431107
What are the prime factors of 237226?
2, 11, 41, 263
List the prime factors of 1004370.
2, 3, 5, 33479
List the prime factors of 1689697.
47, 35951
What are the prime factors of 188522?
2, 94261
What are the prime factors of 463736?
2, 7, 13
List the prime factors of 364996.
2, 91249
List the prime factors of 1212932.
2, 7, 43319
What are the prime factors of 11774722?
2, 47, 229, 547
What are the prime factors of 620870?
2, 5, 47, 1321
List the prime factors of 279217.
31, 9007
What are the prime factors of 392857?
392857
What are the prime factors of 3126850?
2, 5, 23, 2719
What are the prime factors of 3307670?
2, 5, 330767
What are the prime factors of 37356?
2, 3, 11, 283
List the prime factors of 5012399.
7, 17, 73, 577
List the prime factors of 393774.
2, 3, 65629
What are the prime factors of 1230427?
11, 111857
What are the prime factors of 37602?
2, 3, 2089
What are the prime factors of 608095?
5, 19, 37, 173
List the prime factors of 1886556.
2, 3, 7, 37, 607
What are the prime factors of 181747?
17, 10691
List the prime factors of 67518.
2, 3, 11, 31
List the prime factors of 447125.
5, 7, 73
What are the prime factors of 1202165?
5, 240433
What are the prime factors of 22089493?
22089493
What are the prime factors of 1156706?
2, 578353
What are the prime factors of 1710660?
2, 3, 5, 7, 4073
What are the prime factors of 107939?
13, 19, 23
What are the prime factors of 2651067?
3, 294563
What are the prime factors of 15047186?
2, 7, 11, 199, 491
List the prime factors of 1728183.
3, 19, 30319
What are the prime factors of 13523380?
2, 5, 13, 4001
List the prime factors of 81872.
2, 7, 17, 43
List the prime factors of 709486.
2, 354743
What are the prime factors of 1519214?
2, 41, 97, 191
List the prime factors of 3539672.
2, 17, 1531
List the prime factors of 17290682.
2, 8645341
List the prime factors of 373083.
3, 23, 5407
List the prime factors of 908705.
5, 7, 3709
What are the prime factors of 1562585?
5, 312517
List the prime factors of 147534.
2, 3, 67, 367
List the prime factors of 975892.
2, 243973
What are the prime factors of 3702234?
2, 3, 617039
What are the prime factors of 770162?
2, 385081
List the prime factors of 2551123.
2551123
List the prime factors of 301564.
2, 75391
List the prime factors of 11145628.
2, 13, 19, 29, 389
What are the prime factors of 2939188?
2, 7, 104971
List the prime factors of 187178.
2, 31, 3019
List the prime factors of 88282.
2, 37, 1193
What are the prime factors of 1083117?
3, 7, 51577
What are the prime factors of 4065846?
2, 3, 173, 3917
What are the prime factors of 2183909?
7, 13, 103, 233
What are the prime factors of 6858477?
3, 762053
List the prime factors of 3256875.
3, 5, 193
List the prime factors of 11397445.
5, 2279489
What are the prime factors of 1700196?
2, 3, 19, 7457
List the prime factors of 428970.
2, 3, 5, 79, 181
What are the prime factors of 17969713?
17969713
What are the prime factors of 198011?
11, 47, 383
What are the prime factors of 67806?
2, 3, 3767
List the prime factors of 332754.
2, 3, 31, 1789
List the prime factors of 4395544.
2, 549443
What are the prime factors of 11841881?
11841881
List the prime factors of 118664.
2, 7, 13, 163
What are the prime factors of 6050324?
2, 7, 30869
List the prime factors of 11138679.
3, 157, 7883
What are the prime factors of 276442?
2, 67, 2063
What are the prime factors of 105923?
73, 1451
What are the prime factors of 5944531?
37, 160663
List the prime factors of 174669.
3, 11, 67, 79
What are the prime factors of 1690946?
2, 67, 12619
List the prime factors of 89978.
2, 7, 6427
What are the prime factors of 480713?
480713
List the prime factors of 968358.
2, 3, 251, 643
List the prime factors of 885778.
2, 211, 2099
List the prime factors of 1354274.
2, 37, 18301
List the prime factors of 6443043.
3, 659, 3259
List the prime factors of 1023383.
17, 37, 1627
List the prime factors of 299232.
2, 3, 1039
List the prime factors of 13843705.
5, 139, 19919
What are the prime factors of 1194195?
3, 5, 79613
What are the prime factors of 717159?
3, 239053
List the prime factors of 385809.
3, 128603
List the prime factors of 1818728.
2, 17, 43, 311
List the prime factors of 201331.
13, 17, 911
What are the prime factors of 7153016?
2, 13, 109, 631
List the prime factors of 157943.
59, 2677
List the prime factors of 233250.
2, 3, 5, 311
List the prime factors of 575943.
3, 17, 23, 491
What are the prime factors of 2287488?
2, 3, 7, 23, 37
List the prime factors of 1076808.
2, 3, 44867
What are the prime factors of 348761?
7, 49823
List the prime factors of 305433.
3, 33937
List the prime factors of 8789353.
313, 28081
What are the prime factors of 3672344?
2, 13, 35311
List the prime factors of 18522028.
2, 7, 139, 4759
What are the prime factors of 182863?
107, 1709
What are the prime factors of 1174477?
1174477
List the prime factors of 7100262.
2, 3, 13, 19, 1597
List the prime factors of 2593044.
2, 3, 17, 19, 223
List the prime factors of 8804492.
2, 23, 95701
List the prime factors of 236188.
2, 137, 431
What are the prime factors of 352453?
47, 7499
What are the prime factors of 218148?
2, 3, 7, 53
What a